{"id":173,"date":"2025-12-12T17:23:43","date_gmt":"2025-12-12T17:23:43","guid":{"rendered":"https:\/\/smartcorp.com.ec\/?post_type=product&#038;p=173"},"modified":"2025-12-12T17:44:36","modified_gmt":"2025-12-12T17:44:36","slug":"rollos-de-papel-termico-50-unidades","status":"publish","type":"product","link":"https:\/\/smartcorp.com.ec\/index.php\/producto\/rollos-de-papel-termico-50-unidades\/","title":{"rendered":"ROLLOS DE PAPEL T\u00c9RMICO 50 UNIDADES"},"content":{"rendered":"<p>\u2022 Ancho del papel 80 mm<br \/>\n\u2022 Libre de BPA<\/p>\n<p>\u2022Peso de la caja 11.86 Kg<\/p>\n<p>\u2022\u2022\u2022\u2022\u2022\u2022\u2022\u2022\u2022\u2022\u2022\u2022\u2022\u2022\u2022\u2022\u2022\u2022\u2022\u2022\u2022\u2022\u2022\u2022\u2022\u2022\u2022\u2022\u2022\u2022\u2022\u2022\u2022\u2022\u2022\u2022\u2022\u2022\u2022\u2022\u2022\u2022\u2022\u2022\u2022\u2022\u2022\u2022\u2022\u2022\u2022\u2022\u2022\u2022\u2022\u2022<\/p>\n<p>Somos una tienda comprometida con ofrecerte productos de calidad y un servicio confiable.<\/p>\n","protected":false},"excerpt":{"rendered":"<p>\u2022 Ancho del papel 80 mm \u2022 Libre de BPA \u2022Peso de la caja 11.86 Kg \u2022\u2022\u2022\u2022\u2022\u2022\u2022\u2022\u2022\u2022\u2022\u2022\u2022\u2022\u2022\u2022\u2022\u2022\u2022\u2022\u2022\u2022\u2022\u2022\u2022\u2022\u2022\u2022\u2022\u2022\u2022\u2022\u2022\u2022\u2022\u2022\u2022\u2022\u2022\u2022\u2022\u2022\u2022\u2022\u2022\u2022\u2022\u2022\u2022\u2022\u2022\u2022\u2022\u2022\u2022\u2022 Somos una tienda comprometida con ofrecerte productos de calidad y un servicio confiable.<\/p>\n","protected":false},"featured_media":139,"comment_status":"open","ping_status":"closed","template":"","meta":[],"product_brand":[],"product_cat":[33],"product_tag":[23,22,18,34,35,17],"class_list":{"0":"post-173","1":"product","2":"type-product","3":"status-publish","4":"has-post-thumbnail","6":"product_cat-varios","7":"product_tag-equipos-para-restaurantes","8":"product_tag-equipos-punto-de-venta","9":"product_tag-facturacion-electronica","10":"product_tag-papel-termico","11":"product_tag-rollos-de-papel-termico","12":"product_tag-software","14":"first","15":"instock","16":"shipping-taxable","17":"purchasable","18":"product-type-simple"},"yoast_head":"<!-- This site is optimized with the Yoast SEO plugin v27.3 - https:\/\/yoast.com\/product\/yoast-seo-wordpress\/ -->\n<title>ROLLOS DE PAPEL T\u00c9RMICO 50 UNIDADES -<\/title>\n<meta name=\"description\" content=\"Rollos de papel t\u00e9rmico de 80m de ancho libres de BPA ideal para la impresion de comandas en cocina de negocios gastron\u00f3micos e impresion de comprobantes.\" \/>\n<meta name=\"robots\" content=\"index, follow, max-snippet:-1, max-image-preview:large, max-video-preview:-1\" \/>\n<link rel=\"canonical\" href=\"https:\/\/smartcorp.com.ec\/index.php\/producto\/rollos-de-papel-termico-50-unidades\/\" \/>\n<meta property=\"og:locale\" content=\"es_ES\" \/>\n<meta property=\"og:type\" content=\"article\" \/>\n<meta property=\"og:title\" content=\"ROLLOS DE PAPEL T\u00c9RMICO 50 UNIDADES -\" \/>\n<meta property=\"og:description\" content=\"Rollos de papel t\u00e9rmico de 80m de ancho libres de BPA ideal para la impresion de comandas en cocina de negocios gastron\u00f3micos e impresion de comprobantes.\" \/>\n<meta property=\"og:url\" content=\"https:\/\/smartcorp.com.ec\/index.php\/producto\/rollos-de-papel-termico-50-unidades\/\" \/>\n<meta property=\"article:modified_time\" content=\"2025-12-12T17:44:36+00:00\" \/>\n<meta property=\"og:image\" content=\"https:\/\/smartcorp.com.ec\/wp-content\/uploads\/2025\/12\/CAJA-DE-50-ROLLOS-TERMICOS.jpg\" \/>\n\t<meta property=\"og:image:width\" content=\"455\" \/>\n\t<meta property=\"og:image:height\" content=\"490\" \/>\n\t<meta property=\"og:image:type\" content=\"image\/jpeg\" \/>\n<meta name=\"twitter:card\" content=\"summary_large_image\" \/>\n<meta name=\"twitter:label1\" content=\"Tiempo de lectura\" \/>\n\t<meta name=\"twitter:data1\" content=\"1 minuto\" \/>\n<script type=\"application\/ld+json\" class=\"yoast-schema-graph\">{\"@context\":\"https:\\\/\\\/schema.org\",\"@graph\":[{\"@type\":\"WebPage\",\"@id\":\"https:\\\/\\\/smartcorp.com.ec\\\/index.php\\\/producto\\\/rollos-de-papel-termico-50-unidades\\\/\",\"url\":\"https:\\\/\\\/smartcorp.com.ec\\\/index.php\\\/producto\\\/rollos-de-papel-termico-50-unidades\\\/\",\"name\":\"ROLLOS DE PAPEL T\u00c9RMICO 50 UNIDADES -\",\"isPartOf\":{\"@id\":\"https:\\\/\\\/smartcorp.com.ec\\\/#website\"},\"primaryImageOfPage\":{\"@id\":\"https:\\\/\\\/smartcorp.com.ec\\\/index.php\\\/producto\\\/rollos-de-papel-termico-50-unidades\\\/#primaryimage\"},\"image\":{\"@id\":\"https:\\\/\\\/smartcorp.com.ec\\\/index.php\\\/producto\\\/rollos-de-papel-termico-50-unidades\\\/#primaryimage\"},\"thumbnailUrl\":\"https:\\\/\\\/smartcorp.com.ec\\\/wp-content\\\/uploads\\\/2025\\\/12\\\/CAJA-DE-50-ROLLOS-TERMICOS.jpg\",\"datePublished\":\"2025-12-12T17:23:43+00:00\",\"dateModified\":\"2025-12-12T17:44:36+00:00\",\"description\":\"Rollos de papel t\u00e9rmico de 80m de ancho libres de BPA ideal para la impresion de comandas en cocina de negocios gastron\u00f3micos e impresion de comprobantes.\",\"breadcrumb\":{\"@id\":\"https:\\\/\\\/smartcorp.com.ec\\\/index.php\\\/producto\\\/rollos-de-papel-termico-50-unidades\\\/#breadcrumb\"},\"inLanguage\":\"es\",\"potentialAction\":[{\"@type\":\"ReadAction\",\"target\":[\"https:\\\/\\\/smartcorp.com.ec\\\/index.php\\\/producto\\\/rollos-de-papel-termico-50-unidades\\\/\"]}]},{\"@type\":\"ImageObject\",\"inLanguage\":\"es\",\"@id\":\"https:\\\/\\\/smartcorp.com.ec\\\/index.php\\\/producto\\\/rollos-de-papel-termico-50-unidades\\\/#primaryimage\",\"url\":\"https:\\\/\\\/smartcorp.com.ec\\\/wp-content\\\/uploads\\\/2025\\\/12\\\/CAJA-DE-50-ROLLOS-TERMICOS.jpg\",\"contentUrl\":\"https:\\\/\\\/smartcorp.com.ec\\\/wp-content\\\/uploads\\\/2025\\\/12\\\/CAJA-DE-50-ROLLOS-TERMICOS.jpg\",\"width\":455,\"height\":490,\"caption\":\"CAJA-DE-50-ROLLOS-T\u00c9RMICOS\"},{\"@type\":\"BreadcrumbList\",\"@id\":\"https:\\\/\\\/smartcorp.com.ec\\\/index.php\\\/producto\\\/rollos-de-papel-termico-50-unidades\\\/#breadcrumb\",\"itemListElement\":[{\"@type\":\"ListItem\",\"position\":1,\"name\":\"Portada\",\"item\":\"https:\\\/\\\/smartcorp.com.ec\\\/\"},{\"@type\":\"ListItem\",\"position\":2,\"name\":\"Tienda\",\"item\":\"https:\\\/\\\/smartcorp.com.ec\\\/index.php\\\/tienda\\\/\"},{\"@type\":\"ListItem\",\"position\":3,\"name\":\"ROLLOS DE PAPEL T\u00c9RMICO 50 UNIDADES\"}]},{\"@type\":\"WebSite\",\"@id\":\"https:\\\/\\\/smartcorp.com.ec\\\/#website\",\"url\":\"https:\\\/\\\/smartcorp.com.ec\\\/\",\"name\":\"\",\"description\":\"Equipo y sistema para punto de venta\",\"potentialAction\":[{\"@type\":\"SearchAction\",\"target\":{\"@type\":\"EntryPoint\",\"urlTemplate\":\"https:\\\/\\\/smartcorp.com.ec\\\/?s={search_term_string}\"},\"query-input\":{\"@type\":\"PropertyValueSpecification\",\"valueRequired\":true,\"valueName\":\"search_term_string\"}}],\"inLanguage\":\"es\"}]}<\/script>\n<!-- \/ Yoast SEO plugin. -->","yoast_head_json":{"title":"ROLLOS DE PAPEL T\u00c9RMICO 50 UNIDADES -","description":"Rollos de papel t\u00e9rmico de 80m de ancho libres de BPA ideal para la impresion de comandas en cocina de negocios gastron\u00f3micos e impresion de comprobantes.","robots":{"index":"index","follow":"follow","max-snippet":"max-snippet:-1","max-image-preview":"max-image-preview:large","max-video-preview":"max-video-preview:-1"},"canonical":"https:\/\/smartcorp.com.ec\/index.php\/producto\/rollos-de-papel-termico-50-unidades\/","og_locale":"es_ES","og_type":"article","og_title":"ROLLOS DE PAPEL T\u00c9RMICO 50 UNIDADES -","og_description":"Rollos de papel t\u00e9rmico de 80m de ancho libres de BPA ideal para la impresion de comandas en cocina de negocios gastron\u00f3micos e impresion de comprobantes.","og_url":"https:\/\/smartcorp.com.ec\/index.php\/producto\/rollos-de-papel-termico-50-unidades\/","article_modified_time":"2025-12-12T17:44:36+00:00","og_image":[{"width":455,"height":490,"url":"https:\/\/smartcorp.com.ec\/wp-content\/uploads\/2025\/12\/CAJA-DE-50-ROLLOS-TERMICOS.jpg","type":"image\/jpeg"}],"twitter_card":"summary_large_image","twitter_misc":{"Tiempo de lectura":"1 minuto"},"schema":{"@context":"https:\/\/schema.org","@graph":[{"@type":"WebPage","@id":"https:\/\/smartcorp.com.ec\/index.php\/producto\/rollos-de-papel-termico-50-unidades\/","url":"https:\/\/smartcorp.com.ec\/index.php\/producto\/rollos-de-papel-termico-50-unidades\/","name":"ROLLOS DE PAPEL T\u00c9RMICO 50 UNIDADES -","isPartOf":{"@id":"https:\/\/smartcorp.com.ec\/#website"},"primaryImageOfPage":{"@id":"https:\/\/smartcorp.com.ec\/index.php\/producto\/rollos-de-papel-termico-50-unidades\/#primaryimage"},"image":{"@id":"https:\/\/smartcorp.com.ec\/index.php\/producto\/rollos-de-papel-termico-50-unidades\/#primaryimage"},"thumbnailUrl":"https:\/\/smartcorp.com.ec\/wp-content\/uploads\/2025\/12\/CAJA-DE-50-ROLLOS-TERMICOS.jpg","datePublished":"2025-12-12T17:23:43+00:00","dateModified":"2025-12-12T17:44:36+00:00","description":"Rollos de papel t\u00e9rmico de 80m de ancho libres de BPA ideal para la impresion de comandas en cocina de negocios gastron\u00f3micos e impresion de comprobantes.","breadcrumb":{"@id":"https:\/\/smartcorp.com.ec\/index.php\/producto\/rollos-de-papel-termico-50-unidades\/#breadcrumb"},"inLanguage":"es","potentialAction":[{"@type":"ReadAction","target":["https:\/\/smartcorp.com.ec\/index.php\/producto\/rollos-de-papel-termico-50-unidades\/"]}]},{"@type":"ImageObject","inLanguage":"es","@id":"https:\/\/smartcorp.com.ec\/index.php\/producto\/rollos-de-papel-termico-50-unidades\/#primaryimage","url":"https:\/\/smartcorp.com.ec\/wp-content\/uploads\/2025\/12\/CAJA-DE-50-ROLLOS-TERMICOS.jpg","contentUrl":"https:\/\/smartcorp.com.ec\/wp-content\/uploads\/2025\/12\/CAJA-DE-50-ROLLOS-TERMICOS.jpg","width":455,"height":490,"caption":"CAJA-DE-50-ROLLOS-T\u00c9RMICOS"},{"@type":"BreadcrumbList","@id":"https:\/\/smartcorp.com.ec\/index.php\/producto\/rollos-de-papel-termico-50-unidades\/#breadcrumb","itemListElement":[{"@type":"ListItem","position":1,"name":"Portada","item":"https:\/\/smartcorp.com.ec\/"},{"@type":"ListItem","position":2,"name":"Tienda","item":"https:\/\/smartcorp.com.ec\/index.php\/tienda\/"},{"@type":"ListItem","position":3,"name":"ROLLOS DE PAPEL T\u00c9RMICO 50 UNIDADES"}]},{"@type":"WebSite","@id":"https:\/\/smartcorp.com.ec\/#website","url":"https:\/\/smartcorp.com.ec\/","name":"","description":"Equipo y sistema para punto de venta","potentialAction":[{"@type":"SearchAction","target":{"@type":"EntryPoint","urlTemplate":"https:\/\/smartcorp.com.ec\/?s={search_term_string}"},"query-input":{"@type":"PropertyValueSpecification","valueRequired":true,"valueName":"search_term_string"}}],"inLanguage":"es"}]}},"_links":{"self":[{"href":"https:\/\/smartcorp.com.ec\/index.php\/wp-json\/wp\/v2\/product\/173","targetHints":{"allow":["GET"]}}],"collection":[{"href":"https:\/\/smartcorp.com.ec\/index.php\/wp-json\/wp\/v2\/product"}],"about":[{"href":"https:\/\/smartcorp.com.ec\/index.php\/wp-json\/wp\/v2\/types\/product"}],"replies":[{"embeddable":true,"href":"https:\/\/smartcorp.com.ec\/index.php\/wp-json\/wp\/v2\/comments?post=173"}],"wp:featuredmedia":[{"embeddable":true,"href":"https:\/\/smartcorp.com.ec\/index.php\/wp-json\/wp\/v2\/media\/139"}],"wp:attachment":[{"href":"https:\/\/smartcorp.com.ec\/index.php\/wp-json\/wp\/v2\/media?parent=173"}],"wp:term":[{"taxonomy":"product_brand","embeddable":true,"href":"https:\/\/smartcorp.com.ec\/index.php\/wp-json\/wp\/v2\/product_brand?post=173"},{"taxonomy":"product_cat","embeddable":true,"href":"https:\/\/smartcorp.com.ec\/index.php\/wp-json\/wp\/v2\/product_cat?post=173"},{"taxonomy":"product_tag","embeddable":true,"href":"https:\/\/smartcorp.com.ec\/index.php\/wp-json\/wp\/v2\/product_tag?post=173"}],"curies":[{"name":"wp","href":"https:\/\/api.w.org\/{rel}","templated":true}]}}