{"id":71,"date":"2025-12-10T16:02:52","date_gmt":"2025-12-10T16:02:52","guid":{"rendered":"https:\/\/smartcorp.com.ec\/index.php\/lorem-ipsum-is-simply-2\/"},"modified":"2025-12-15T19:58:46","modified_gmt":"2025-12-15T19:58:46","slug":"drivers","status":"publish","type":"page","link":"https:\/\/smartcorp.com.ec\/index.php\/drivers\/","title":{"rendered":"DRIVERS"},"content":{"rendered":"<h3><strong>\u00bfPor qu\u00e9 es importante?<\/strong><\/h3>\n\n\n<p class=\"has-medium-font-size\">Con estos drivers podemos <strong>conectarnos de forma remota a tu equip<\/strong>o utilizando un <strong>ID \u00fanico<\/strong>, lo que nos permite ayudarte de inmediato ante cualquier inconveniente con tu sistema <strong>SmartMen\u00fa<\/strong> o con tus equipos.<\/p>\n\n\n\n<p class=\"has-medium-font-size\">Gracias a esta herramienta, garantizamos un <strong>servicio m\u00e1s \u00e1gil, confiable y continuo<\/strong>, para que tu negocio nunca se detenga.<\/p>\n\n\n\n<hr class=\"wp-block-separator has-alpha-channel-opacity is-style-wide\"\/>\n\n\n\n<h2 class=\"wp-block-heading\">RUSTDEKS &#8211; Para tu Tablet<\/h2>\n\n\n\n<p class=\"has-medium-font-size\">Link de descarga:<\/p>\n\n\n\n<blockquote class=\"wp-block-quote is-layout-flow wp-block-quote-is-layout-flow\">\n<p class=\"has-text-color has-link-color has-medium-font-size wp-elements-8dc8fed31004289c439423201a782116\" style=\"color:#73a631\"> <strong><a href=\"https:\/\/rustdesk.com\/docs\/es\/client\/android\/\" target=\"_blank\" rel=\"noreferrer noopener\">https:\/\/rustdesk.com\/docs\/es\/client\/android\/<\/a><\/strong><\/p>\n<\/blockquote>\n\n\n\n<p class=\"has-medium-font-size\">Asset a descargar: <\/p>\n\n\n\n<blockquote class=\"wp-block-quote is-layout-flow wp-block-quote-is-layout-flow\">\n<p class=\"has-text-color has-link-color has-large-font-size wp-elements-9c6646a64f2e11f9c4dc4a6a7213e5a7\" style=\"color:#73a631\"><strong>rustdesk-1-2-3-armv7-signese.app<\/strong><\/p>\n<\/blockquote>\n\n\n\n<p class=\"has-medium-font-size\">Revisa el tutorial para que la instalaci\u00f3n se te haga mucho m\u00e1s f\u00e1cil.<\/p>\n\n\n\n<figure class=\"wp-block-embed is-type-video is-provider-youtube wp-block-embed-youtube wp-embed-aspect-16-9 wp-has-aspect-ratio\"><div class=\"wp-block-embed__wrapper\">\n<iframe title=\"Instala rustdesk en tu tablet Amazon\" width=\"640\" height=\"360\" src=\"https:\/\/www.youtube.com\/embed\/9YA7wSLCMo4?feature=oembed\" frameborder=\"0\" allow=\"accelerometer; autoplay; clipboard-write; encrypted-media; gyroscope; picture-in-picture; web-share\" referrerpolicy=\"strict-origin-when-cross-origin\" allowfullscreen><\/iframe>\n<\/div><\/figure>\n\n\n\n<hr class=\"wp-block-separator has-alpha-channel-opacity is-style-wide\"\/>\n\n\n\n<h2 class=\"wp-block-heading\">RUSTDEKS &#8211; Para tu POS<\/h2>\n\n\n\n<p class=\"has-medium-font-size\">Link de descarga:<\/p>\n\n\n\n<blockquote class=\"wp-block-quote is-layout-flow wp-block-quote-is-layout-flow\">\n<p class=\"has-text-color has-link-color has-medium-font-size wp-elements-3c32b326b8de57bc5987d8f3fde93756\" style=\"color:#73a631\"><strong><a href=\"https:\/\/rustdesk.com\/es\" target=\"_blank\" rel=\"noreferrer noopener\">https:\/\/rustdesk.com\/es<\/a><\/strong><\/p>\n<\/blockquote>\n\n\n\n<p class=\"has-medium-font-size\">Revisa el tutorial para que la instalaci\u00f3n se te haga mucho m\u00e1s f\u00e1cil.<\/p>\n\n\n\n<figure class=\"wp-block-embed is-type-video is-provider-youtube wp-block-embed-youtube wp-embed-aspect-16-9 wp-has-aspect-ratio\"><div class=\"wp-block-embed__wrapper\">\n<iframe title=\"Instalar RustDesk en tu POS - Software gastron\u00f3mico\" width=\"640\" height=\"360\" src=\"https:\/\/www.youtube.com\/embed\/90O0QF1zez0?feature=oembed\" frameborder=\"0\" allow=\"accelerometer; autoplay; clipboard-write; encrypted-media; gyroscope; picture-in-picture; web-share\" referrerpolicy=\"strict-origin-when-cross-origin\" allowfullscreen><\/iframe>\n<\/div><\/figure>\n\n\n\n<p><\/p>\n","protected":false},"excerpt":{"rendered":"<p>\u00bfPor qu\u00e9 es importante? Con estos drivers podemos conectarnos de forma remota a tu equipo utilizando un ID \u00fanico, lo que nos permite ayudarte de inmediato ante cualquier inconveniente con tu sistema SmartMen\u00fa o con tus equipos. Gracias a esta herramienta, garantizamos un servicio m\u00e1s \u00e1gil, confiable y continuo, para que tu negocio nunca se [&hellip;]<\/p>\n","protected":false},"author":1,"featured_media":309,"parent":0,"menu_order":0,"comment_status":"closed","ping_status":"closed","template":"","meta":{"footnotes":""},"class_list":["post-71","page","type-page","status-publish","has-post-thumbnail","hentry"],"yoast_head":"<!-- This site is optimized with the Yoast SEO plugin v27.3 - https:\/\/yoast.com\/product\/yoast-seo-wordpress\/ -->\n<title>DRIVERS -<\/title>\n<meta name=\"description\" content=\"Estos drivers permiten conectarnos de forma remota a tu equipo utilizando un ID \u00fanico, para solventar el problema que estes presentando.\" \/>\n<meta name=\"robots\" content=\"index, follow, max-snippet:-1, max-image-preview:large, max-video-preview:-1\" \/>\n<link rel=\"canonical\" href=\"https:\/\/smartcorp.com.ec\/index.php\/drivers\/\" \/>\n<meta property=\"og:locale\" content=\"es_ES\" \/>\n<meta property=\"og:type\" content=\"article\" \/>\n<meta property=\"og:title\" content=\"DRIVERS -\" \/>\n<meta property=\"og:description\" content=\"Estos drivers permiten conectarnos de forma remota a tu equipo utilizando un ID \u00fanico, para solventar el problema que estes presentando.\" \/>\n<meta property=\"og:url\" content=\"https:\/\/smartcorp.com.ec\/index.php\/drivers\/\" \/>\n<meta property=\"article:modified_time\" content=\"2025-12-15T19:58:46+00:00\" \/>\n<meta property=\"og:image\" content=\"https:\/\/smartcorp.com.ec\/wp-content\/uploads\/2025\/12\/banner-drivers-10-10.jpg\" \/>\n\t<meta property=\"og:image:width\" content=\"2250\" \/>\n\t<meta property=\"og:image:height\" content=\"521\" \/>\n\t<meta property=\"og:image:type\" content=\"image\/jpeg\" \/>\n<meta name=\"twitter:card\" content=\"summary_large_image\" \/>\n<meta name=\"twitter:label1\" content=\"Tiempo de lectura\" \/>\n\t<meta name=\"twitter:data1\" content=\"1 minuto\" \/>\n<script type=\"application\/ld+json\" class=\"yoast-schema-graph\">{\"@context\":\"https:\\\/\\\/schema.org\",\"@graph\":[{\"@type\":\"WebPage\",\"@id\":\"https:\\\/\\\/smartcorp.com.ec\\\/index.php\\\/drivers\\\/\",\"url\":\"https:\\\/\\\/smartcorp.com.ec\\\/index.php\\\/drivers\\\/\",\"name\":\"DRIVERS -\",\"isPartOf\":{\"@id\":\"https:\\\/\\\/smartcorp.com.ec\\\/#website\"},\"primaryImageOfPage\":{\"@id\":\"https:\\\/\\\/smartcorp.com.ec\\\/index.php\\\/drivers\\\/#primaryimage\"},\"image\":{\"@id\":\"https:\\\/\\\/smartcorp.com.ec\\\/index.php\\\/drivers\\\/#primaryimage\"},\"thumbnailUrl\":\"https:\\\/\\\/smartcorp.com.ec\\\/wp-content\\\/uploads\\\/2025\\\/12\\\/banner-drivers-10-10.jpg\",\"datePublished\":\"2025-12-10T16:02:52+00:00\",\"dateModified\":\"2025-12-15T19:58:46+00:00\",\"description\":\"Estos drivers permiten conectarnos de forma remota a tu equipo utilizando un ID \u00fanico, para solventar el problema que estes presentando.\",\"breadcrumb\":{\"@id\":\"https:\\\/\\\/smartcorp.com.ec\\\/index.php\\\/drivers\\\/#breadcrumb\"},\"inLanguage\":\"es\",\"potentialAction\":[{\"@type\":\"ReadAction\",\"target\":[\"https:\\\/\\\/smartcorp.com.ec\\\/index.php\\\/drivers\\\/\"]}]},{\"@type\":\"ImageObject\",\"inLanguage\":\"es\",\"@id\":\"https:\\\/\\\/smartcorp.com.ec\\\/index.php\\\/drivers\\\/#primaryimage\",\"url\":\"https:\\\/\\\/smartcorp.com.ec\\\/wp-content\\\/uploads\\\/2025\\\/12\\\/banner-drivers-10-10.jpg\",\"contentUrl\":\"https:\\\/\\\/smartcorp.com.ec\\\/wp-content\\\/uploads\\\/2025\\\/12\\\/banner-drivers-10-10.jpg\",\"width\":2250,\"height\":521},{\"@type\":\"BreadcrumbList\",\"@id\":\"https:\\\/\\\/smartcorp.com.ec\\\/index.php\\\/drivers\\\/#breadcrumb\",\"itemListElement\":[{\"@type\":\"ListItem\",\"position\":1,\"name\":\"Portada\",\"item\":\"https:\\\/\\\/smartcorp.com.ec\\\/\"},{\"@type\":\"ListItem\",\"position\":2,\"name\":\"DRIVERS\"}]},{\"@type\":\"WebSite\",\"@id\":\"https:\\\/\\\/smartcorp.com.ec\\\/#website\",\"url\":\"https:\\\/\\\/smartcorp.com.ec\\\/\",\"name\":\"\",\"description\":\"Equipo y sistema para punto de venta\",\"potentialAction\":[{\"@type\":\"SearchAction\",\"target\":{\"@type\":\"EntryPoint\",\"urlTemplate\":\"https:\\\/\\\/smartcorp.com.ec\\\/?s={search_term_string}\"},\"query-input\":{\"@type\":\"PropertyValueSpecification\",\"valueRequired\":true,\"valueName\":\"search_term_string\"}}],\"inLanguage\":\"es\"}]}<\/script>\n<!-- \/ Yoast SEO plugin. -->","yoast_head_json":{"title":"DRIVERS -","description":"Estos drivers permiten conectarnos de forma remota a tu equipo utilizando un ID \u00fanico, para solventar el problema que estes presentando.","robots":{"index":"index","follow":"follow","max-snippet":"max-snippet:-1","max-image-preview":"max-image-preview:large","max-video-preview":"max-video-preview:-1"},"canonical":"https:\/\/smartcorp.com.ec\/index.php\/drivers\/","og_locale":"es_ES","og_type":"article","og_title":"DRIVERS -","og_description":"Estos drivers permiten conectarnos de forma remota a tu equipo utilizando un ID \u00fanico, para solventar el problema que estes presentando.","og_url":"https:\/\/smartcorp.com.ec\/index.php\/drivers\/","article_modified_time":"2025-12-15T19:58:46+00:00","og_image":[{"width":2250,"height":521,"url":"https:\/\/smartcorp.com.ec\/wp-content\/uploads\/2025\/12\/banner-drivers-10-10.jpg","type":"image\/jpeg"}],"twitter_card":"summary_large_image","twitter_misc":{"Tiempo de lectura":"1 minuto"},"schema":{"@context":"https:\/\/schema.org","@graph":[{"@type":"WebPage","@id":"https:\/\/smartcorp.com.ec\/index.php\/drivers\/","url":"https:\/\/smartcorp.com.ec\/index.php\/drivers\/","name":"DRIVERS -","isPartOf":{"@id":"https:\/\/smartcorp.com.ec\/#website"},"primaryImageOfPage":{"@id":"https:\/\/smartcorp.com.ec\/index.php\/drivers\/#primaryimage"},"image":{"@id":"https:\/\/smartcorp.com.ec\/index.php\/drivers\/#primaryimage"},"thumbnailUrl":"https:\/\/smartcorp.com.ec\/wp-content\/uploads\/2025\/12\/banner-drivers-10-10.jpg","datePublished":"2025-12-10T16:02:52+00:00","dateModified":"2025-12-15T19:58:46+00:00","description":"Estos drivers permiten conectarnos de forma remota a tu equipo utilizando un ID \u00fanico, para solventar el problema que estes presentando.","breadcrumb":{"@id":"https:\/\/smartcorp.com.ec\/index.php\/drivers\/#breadcrumb"},"inLanguage":"es","potentialAction":[{"@type":"ReadAction","target":["https:\/\/smartcorp.com.ec\/index.php\/drivers\/"]}]},{"@type":"ImageObject","inLanguage":"es","@id":"https:\/\/smartcorp.com.ec\/index.php\/drivers\/#primaryimage","url":"https:\/\/smartcorp.com.ec\/wp-content\/uploads\/2025\/12\/banner-drivers-10-10.jpg","contentUrl":"https:\/\/smartcorp.com.ec\/wp-content\/uploads\/2025\/12\/banner-drivers-10-10.jpg","width":2250,"height":521},{"@type":"BreadcrumbList","@id":"https:\/\/smartcorp.com.ec\/index.php\/drivers\/#breadcrumb","itemListElement":[{"@type":"ListItem","position":1,"name":"Portada","item":"https:\/\/smartcorp.com.ec\/"},{"@type":"ListItem","position":2,"name":"DRIVERS"}]},{"@type":"WebSite","@id":"https:\/\/smartcorp.com.ec\/#website","url":"https:\/\/smartcorp.com.ec\/","name":"","description":"Equipo y sistema para punto de venta","potentialAction":[{"@type":"SearchAction","target":{"@type":"EntryPoint","urlTemplate":"https:\/\/smartcorp.com.ec\/?s={search_term_string}"},"query-input":{"@type":"PropertyValueSpecification","valueRequired":true,"valueName":"search_term_string"}}],"inLanguage":"es"}]}},"_links":{"self":[{"href":"https:\/\/smartcorp.com.ec\/index.php\/wp-json\/wp\/v2\/pages\/71","targetHints":{"allow":["GET"]}}],"collection":[{"href":"https:\/\/smartcorp.com.ec\/index.php\/wp-json\/wp\/v2\/pages"}],"about":[{"href":"https:\/\/smartcorp.com.ec\/index.php\/wp-json\/wp\/v2\/types\/page"}],"author":[{"embeddable":true,"href":"https:\/\/smartcorp.com.ec\/index.php\/wp-json\/wp\/v2\/users\/1"}],"replies":[{"embeddable":true,"href":"https:\/\/smartcorp.com.ec\/index.php\/wp-json\/wp\/v2\/comments?post=71"}],"version-history":[{"count":13,"href":"https:\/\/smartcorp.com.ec\/index.php\/wp-json\/wp\/v2\/pages\/71\/revisions"}],"predecessor-version":[{"id":326,"href":"https:\/\/smartcorp.com.ec\/index.php\/wp-json\/wp\/v2\/pages\/71\/revisions\/326"}],"wp:featuredmedia":[{"embeddable":true,"href":"https:\/\/smartcorp.com.ec\/index.php\/wp-json\/wp\/v2\/media\/309"}],"wp:attachment":[{"href":"https:\/\/smartcorp.com.ec\/index.php\/wp-json\/wp\/v2\/media?parent=71"}],"curies":[{"name":"wp","href":"https:\/\/api.w.org\/{rel}","templated":true}]}}